
What is the hundred millions digit of 261360690?
2
What is the units digit of 79397441?
1
What is the thousands digit of 62585934?
5
What is the tens digit of 2763564?
6
What is the millions digit of 1747500932?
7
What is the hundred millions digit of 1026482701?
0
What is the thousands digit of 486065039?
5
What is the ten thousands digit of 10676968?
7
What is the millions digit of 241986606?
1
What is the hundred millions digit of 104123480?
1
What is the ten millions digit of 43210525?
4
What is the ten thousands digit of 233340487?
4
What is the ten thousands digit of 349884723?
8
What is the billions digit of 8530013587?
8
What is the hundred thousands digit of 3917238?
9
What is the tens digit of 347722079?
7
What is the millions digit of 3367139785?
7
What is the units digit of 45835547?
7
What is the tens digit of 119962603?
0
What is the hundreds digit of 369178481?
4
What is the hundreds digit of 871304300?
3
What is the tens digit of 268291140?
4
What is the billions digit of 3264222930?
3
What is the millions digit of 30079333?
0
What is the thousands digit of 662854641?
4
What is the hundred millions digit of 5732354148?
7
What is the ten millions digit of 1030423614?
3
What is the thousands digit of 23740776?
0
What is the ten thousands digit of 857364674?
6
What is the ten millions digit of 813910067?
1
What is the units digit of 571287828?
8
What is the units digit of 51403519?
9
What is the units digit of 671980496?
6
What is the hundreds digit of 5986086086?
0
What is the ten millions digit of 957281206?
5
What is the thousands digit of 44679331?
9
What is the thousands digit of 415815190?
5
What is the ten millions digit of 107179786?
0
What is the thousands digit of 296164415?
4
What is the ten millions digit of 565006714?
6
What is the thousands digit of 41823551?
3
What is the ten millions digit of 1697719819?
9
What is the units digit of 2027230393?
3
What is the tens digit of 304778716?
1
What is the ten thousands digit of 49361599?
6
What is the hundred thousands digit of 245939615?
9
What is the ten thousands digit of 4356631706?
3
What is the billions digit of 2582070865?
2
What is the units digit of 31480581?
1
What is the billions digit of 1777970315?
1
What is the units digit of 233061741?
1
What is the ten thousands digit of 25802265?
0
What is the ten millions digit of 39706061?
3
What is the ten thousands digit of 3294716185?
1
What is the millions digit of 53264783?
3
What is the tens digit of 2135562198?
9
What is the millions digit of 7710034890?
0
What is the thousands digit of 89440963?
0
What is the hundred thousands digit of 1312478227?
4
What is the ten millions digit of 2867530910?
6
What is the tens digit of 36160590?
9
What is the thousands digit of 68126058?
6
What is the units digit of 24564099?
9
What is the hundred thousands digit of 468009616?
0
What is the millions digit of 51637577?
1
What is the tens digit of 313774570?
7
What is the hundreds digit of 48620015?
0
What is the hundred thousands digit of 1438164242?
1
What is the units digit of 1179872900?
0
What is the ten thousands digit of 1610549166?
4
What is the ten millions digit of 1582832576?
8
What is the millions digit of 68042593?
8
What is the millions digit of 80009287?
0
What is the units digit of 323664364?
4
What is the units digit of 379666704?
4
What is the units digit of 3794710871?
1
What is the thousands digit of 2934689?
4
What is the ten thousands digit of 133223051?
2
What is the hundred thousands digit of 2300237818?
2
What is the hundreds digit of 347282161?
1
What is the ten thousands digit of 1403869701?
6
What is the hundred millions digit of 148904360?
1
What is the ten thousands digit of 192779938?
7
What is the hundreds digit of 40718022?
0
What is the ten thousands digit of 82833270?
3
What is the units digit of 628417519?
9
What is the hundred thousands digit of 4176799868?
7
What is the ten thousands digit of 368058604?
5
What is the units digit of 2534335962?
2
What is the ten thousands digit of 220642394?
4
What is the thousands digit of 5730359123?
9
What is the thousands digit of 270127652?
7
What is the ten millions digit of 118590165?
1
What is the hundred thousands digit of 250068251?
0
What is the ten thousands digit of 2198035?
9
What is the millions digit of 26710892?
6
What is the hundreds digit of 1291819940?
9
What is the millions digit of 3738398?
3
What is the hundred thousands digit of 38551133?
5
What is the hundred thousands digit of 178521694?
5
What is the units digit of 263525408?
8
What is the tens digit of 235340238?
3
What is the hundreds digit of 642003344?
3
What is the thousands digit of 352393371?
3
What is the hundreds digit of 203303628?
6
What is the hundred thousands digit of 116935587?
9
What is the millions digit of 662660027?
2
What is the hundreds digit of 425883145?
1
What is the thousands digit of 3618654508?
4
What is the hundreds digit of 798409?
4
What is the hundred millions digit of 708264914?
7
What is the units digit of 356085075?
5
What is the thousands digit of 57414074?
4
What is the tens digit of 1360653970?
7
What is the tens digit of 1342025828?
2
What is the tens digit of 1064159725?
2
What is the ten millions digit of 737655137?
3
What is the ten thousands digit of 262622098?
2
What is the hundred thousands digit of 781630700?
6
What is the ten millions digit of 716997607?
1
What is the hundreds digit of 184959098?
0
What is the ten millions digit of 818518317?
1
What is the hundreds digit of 5288449?
4
What is the hundred millions digit of 169650727?
1
What is the tens digit of 42385220?
2
What is the hundred thousands digit of 52605242?
6
What is the thousands digit of 2324904030?
4
What is the hundreds digit of 1159388734?
7
What is the thousands digit of 281801323?
1
What is the millions digit of 233226218?
3
What is the hundreds digit of 44200103?
1
What is the hundred thousands digit of 353985250?
9
What is the ten thousands digit of 262684813?
8
What is the billions digit of 4494774376?
4
What is the hundred millions digit of 287017337?
2
What is the millions digit of 6970944816?
0
What is the hundreds digit of 25608022?
0
What is the millions digit of 16166291?
6
What is the hundred millions digit of 109520245?
1
What is the units digit of 82507687?
7
What is the units digit of 111184650?
0
What is the hundred millions digit of 1360523410?
3
What is the ten thousands digit of 36232536?
3
What is the thousands digit of 272812142?
2
What is the hundred thousands digit of 41701910?
7
What is the hundreds digit of 417920705?
7
What is the tens digit of 230925660?
6
What is the thousands digit of 274324043?
4
What is the hundreds digit of 55108746?
7
What is the thousands digit of 1139630069?
0
What is the tens digit of 20086511?
1
What is the hundred millions digit of 171149740?
1
What is the thousands digit of 21158682?
8
What is the hundred millions digit of 302062632?
3
What is the millions digit of 414485196?
4
What is the hundreds digit of 450779012?
0
What is the hundred millions digit of 118436718?
1
What is the ten millions digit of 137441042?
3
What is the hundreds digit of 45090319?
3
What is the hundreds digit of 546152230?
2
What is the ten millions digit of 828539205?
2
What is the hundred millions digit of 795010051?
7
What is the tens digit of 177234184?
8
What is the ten thousands digit of 100873546?
7
What is the thousands digit of 3020869609?
9
What is the thousands digit of 412179350?
9
What is the millions digit of 657350338?
7
What is the hundreds digit of 76756787?
7
What is the units digit of 1026611981?
1
What is the hundred thousands digit of 794250742?
2
What is the tens digit of 614979778?
7
What is the ten millions digit of 290081818?
9
What is the hundred thousands digit of 2691753647?
7
What is the ten thousands digit of 2941131174?
3
What is the hundreds digit of 3751036118?
1
What is the millions digit of 883705060?
3
What is the thousands digit of 936527813?
7
What is the hundred millions digit of 3004826834?
0
What is the tens digit of 3847249346?
4
What is the ten millions digit of 44051459?
4
What is the ten thousands digit of 912840349?
4
What is the millions digit of 2204983172?
4
What is the hundreds digit of